 factors of a.
2, 5
Let o(d) = -13*d + 4. Let r(n) = -26*n + 9. Let y(v) = 7*o(v) - 3*r(v). Let c be y(1). What are the prime factors of c/16*12/(-1)?
3
Suppose 3*s = p - 287, 4 = 2*s - 6. What are the prime factors of p?
2, 151
Let k = 148 + -102. What are the prime factors of k?
2, 23
Let b = -29 - -69. List the prime factors of b.
2, 5
Suppose 3*i - 9 = 15. List the prime factors of i.
2
Let c = -2 - -1. Let d(f) = -14*f**2 + 2*f - 1. Let v be d(1). Let g = c - v. List the prime factors of g.
2, 3
List the prime factors of 4/((-12)/(-855)) - (-11 + 7).
17
Suppose 0*l - 3*l + 6 = 0. Let c = 12 - l. List the prime factors of c.
2, 5
Suppose 5*o - 12 = o. Suppose -j + 26 = 3*m - 5, -21 = -o*m - 3*j. What are the prime factors of m?
2, 3
Suppose 15 = 3*s - 9. Let k be (-1)/((6/s)/(-3)). Suppose 5*a - r + 3*r = 105, 4*a = k*r + 84. List the prime factors of a.
3, 7
Suppose -24*x + 21*x = -57. List the prime factors of x.
19
Suppose -4*z = 3*k - 56, k + 80 = 4*z - 2*k. List the prime factors of z.
17
Let y be (-4 - (-1 - 1))*2. Let q(u) = u**2 + u - 1. List the prime factors of q(y).
11
Let r(h) = -1 + 1 + 1 + h**2 + h. Let g(x) = -x**2 + 7*x - 8. Let v be g(6). List the prime factors of r(v).
3
Suppose 7*b + 5 = 8*b. What are the prime factors of b?
5
Let t = -11 + -7. List the prime factors of (t/8)/((-6)/16).
2, 3
Let n(f) = 51*f**2 + f. List the prime factors of n(1).
2, 13
Let w = 8 - 6. Let g be 11*(1 + w) + -1. Suppose -2*f + g = 3*x, -4*f - 5*x = -2*x - 58. What are the prime factors of f?
13
Let h(u) be the first derivative of -u**3/3 + 7*u**2/2 - u + 3. List the prime factors of h(5).
3
Let p be -4*2*(-4)/(-8). Let v = 35 - p. What are the prime factors of v?
3, 13
Suppose 5*o = o + 80. Suppose 3*n - r = o, 10 = 2*n + 2*r - 6. List the prime factors of n.
7
What are the prime factors of 9*8/12*12?
2, 3
Let a(f) be the second derivative of f**3/6 + 2*f**2 - f. Let m be a(-6). Let k = m + 7. List the prime factors of k.
5
Let j(g) = g**3 + 3*g**2 - 6*g - 4. Let p be j(-4). Suppose -z = -p*z + 9. Suppose 5*y + 15 = 0, z*y - 1 = 2*o - 3*o. List the prime factors of o.
2, 5
Let l(i) = -3*i + 5. What are the prime factors of l(-18)?
59
Let m(w) = -w. Let v be m(-2). Suppose -18 = -z - 4*k, 0 = -3*z + z + v*k + 6. List the prime factors of z.
2, 3
List the prime factors of 65/(-3)*(-5 - -2).
5, 13
Let n(x) = -x**3 - x**2 + 7. What are the prime factors of n(-5)?
107
Let f = 6 + -4. Let l = f - -2. List the prime factors of l.
2
Let o(v) = -9*v + 2. Let m(l) = -l - 1. Let n be m(-3). Let s be o(n). Let d = s + 24. What are the prime factors of d?
2
Suppose 4*x + 46 = w + 3*x, x = -w + 56. List the prime factors of w.
3, 17
Let z(p) = -p + 2. Let l be z(-2). List the prime factors of l/16*4*19.
19
Suppose 6*v - 592 + 190 = 0. What are the prime factors of v?
67
Let f be (-3 + 2)/((-2)/4). Suppose -f*b - 2 = -3*b. Suppose -6 = -b*t + 12. What are the prime factors of t?
3
Let r = 56 - 9. What are the prime factors of r?
47
Suppose 5*a + 19 = 29. List the prime factors of a.
2
Suppose 673 - 16 = 9*g. List the prime factors of g.
73
Let w be (2/(-2))/2*0. Suppose w = -g - 0*g + 7. List the prime factors of g.
7
Let r(f) = -f**2 + 10*f - 5. Suppose -3*g + 2*g = -4. List the prime factors of r(g).
19
What are the prime factors of ((-124)/28 - 5)*-7?
2, 3, 11
Let l = 1 + 1. Let g = 25 + -16. Suppose -3*h - l = -5*q + g, -q - 11 = -5*h. What are the prime factors of q?
2
Let d(t) be the second derivative of t**4/12 + 11*t**3/6 + 5*t**2 - 7*t. List the prime factors of d(-11).
2, 5
Let x(t) be the first derivative of -8*t - 3 - 5/2*t**2. What are the prime factors of x(-6)?
2, 11
Let p(z) = z + 16. Let y be p(-11). Suppose y*i = 68 + 17. List the prime factors of i.
17
Suppose 5*b - 58 = -3*p, p + 2*p - 67 = 4*b. What are the prime factors of p?
3, 7
Suppose -4*s = 4*a - 92, 0 = 5*a - 5*s + 72 - 227. What are the prime factors of a?
3
Let m(z) = z**2 - 2*z - 15. What are the prime factors of m(9)?
2, 3
Suppose 4*m - 1344 = -4*j, -15*m + 654 = -13*m - 4*j. List the prime factors of m.
3, 37
Let s(b) = -2*b**2 + b. Let r be s(2). Suppose 4 - 2 = 2*j. List the prime factors of r/(j/4 + -1).
2
Suppose -2 - 5 = p + 4*u, -3*p = -2*u - 7. Suppose 63 = 4*s - p. What are the prime factors of s?
2
Let b(h) = -h**2 - h + 2. Let w be b(0). Suppose -20 = -w*j - u, 5*u + 0*u = -20. List the prime factors of j.
2, 3
Let o = -35 + 58. List the prime factors of o.
23
Suppose 56 = -2*j + 192. What are the prime factors of j?
2, 17
Suppose 9 + 0 = -3*m. Let p be m*1/(-3)*4. Suppose 27 = p*j - 1. List the prime factors of j.
7
Let z = -28 + 44. List the prime factors of z.
2
Suppose 0 = 4*x + 3*j - 2, -3*j = x - 6*x + 16. Let t be (0/(-1))/(3 - x). Suppose -38 = -3*g - 4*q, 3*q - 26 = -2*g - t*q. What are the prime factors of g?
2, 5
Let v be -10*((-3)/6 - -1). Let p(k) = -12*k. Let g be p(v). Suppose 5*l = -n + 52, 5*l + 7*n = 2*n + g. List the prime factors of l.
2, 5
Suppose y + 188 - 22 = 4*r, -3*y = 4*r - 158. List the prime factors of r.
41
List the prime factors of ((-6)/(-4))/(5/130).
3, 13
Let l = -86 + 425. List the prime factors of l.
3, 113
Let y be (12/5 - 2)*10. Let h(d) = 3*d**2 - 6*d + 5. What are the prime factors of h(y)?
29
Let m(h) = 3*h**2 + 2*h - 1. Let j = -11 - -7. Let d be m(j). Let n = -27 + d. List the prime factors of n.
2, 3
Let t(n) = -n**3 - 6*n**2 - n - 6. Let l be t(-6). Suppose -a - 1 + 2 = 3*h, -3*h + 2*a - 2 = l. Let u = h - -2. What are the prime factors of u?
2
What are the prime factors of ((-3)/(-18))/((-3)/(-9))*74?
37
Let c(b) = 41*b**2 + 2*b - 1. List the prime factors of c(1).
2, 3, 7
Suppose 7*k - 520 = 2*k. Suppose k = 2*w + 4*n + 2, -4*w - 4*n = -184. List the prime factors of w.
41
Let q = -7 + 14. Let t(g) = -g**3 + 7*g**2 - 2*g - 2. Let o be t(q). Let a = -2 - o. List the prime factors of a.
2, 7
Let s = 63 - 44. What are the prime factors of s?
19
Let i(z) = 2*z**2 + z + 2. Let j be i(-3). Let w = 31 - j. What are the prime factors of w?
2, 7
Suppose -q = -3 - 27. What are the prime factors of q?
2, 3, 5
Suppose -85 = -3*k - 31. Let d be 9*1/1*-1. Let p = k + d. What are the prime factors of p?
3
Let z(m) = m**3 - 3*m**2 + 4*m - 7. List the prime factors of z(6).
5
Suppose -2 = j + 26. Let i = j + 39. Let b = i + -7. List the prime factors of b.
2
Let l(q) = -q - 6. Let t be l(-9). Suppose 16 = t*k - 17. List the prime factors of k.
11
Suppose -3*f = 40 - 115. What are the prime factors of f?
5
Let x(u) be the second derivative of u**4/12 + u**3/3 - 7*u**2/2 + 3*u. What are the prime factors of x(-6)?
17
Let i(g) = 58*g**3 - g**2 + 2*g - 1. Suppose -4*t + 3*c = -0*c + 2, -5*t = 5*c - 15. List the prime factors of i(t).
2, 29
Suppose h - 11 = -3*c + 4, -4*h = -4*c + 4. Suppose 3*f + 8 = 2*s, 6*s = -5*f + 2*s + 16. Let q = h + f. List the prime factors of q.
3
Suppose 3*x = 2*p - 91, -3*x = -3*p - 4*x + 164. What are the prime factors of p?
53
Suppose 286 - 28 = 6*b. What are the prime factors of b?
43
Let s(w) = -w - 1. Let g be s(-6). Let c be 388/14 - 2/(-7). Suppose m = g*m - c. List the prime factors of m.
7
Let i(x) = -x**2 - 9*x - 6. Let j be i(-8). Let l(k) = -3*k**2 + 4*k**j + k**2. List the prime factors of l(-3).
2, 3
Let v = -34 - -24. List the prime factors of (-27)/2*v/15.
3
Suppose 3*u = 5*a - 2024, 5*u = -4*a + 727 + 907. List the prime factors of a.
2, 7, 29
Let f = 16 - -16. What are the prime factors of f?
2
Let k(b) = -b**2 + b. Let n = 0 + 0. Let g be k(n). Suppose g = -2*p + 6*p - 32. List the prime factors of p.
2
Let o(r) = 6*r**2 - 2*r + 1. Let z be o(1). Suppose z*d - 8 = 12. Suppose 3*l = d*a + 41 + 9, 2*l + 2*a - 38 = 0. What are the prime factors of l?
2, 3
Suppose 3*l = 2*j + 25, 5*j + 139 - 19 = -4*l. What are the prime factors of 2*-10*j/16?
5
Let a be (4/(-5))/(2/(-10)). Suppose -a*h + 4 = u + 21, 3*h = -4*u - 3. Let s = u - 0. List the prime factors of s.
3
Suppose g = -4*i + 215, -15 = -9*g + 4*g. What are the prime factors of i?
53
Let d = -13 - -7. Let n = d - -9. List the prime factors of n.
3
Let l = -4 + 41. Let k = 59 - l. What are the prime factors of k?
2, 11
Let u(t) = 2*t**2 + 9*t - 15. List the prime factors of u(8).
5, 37
Suppose -r = -u - 2*r, u - 15 = 4*r. Suppose u*k - 5